and q?
22
Let x be ((-18)/(-27))/(4/6). Let s(h) = -8*h + 1. Let c be s(x). Let a = 3 - c. Calculate the greatest common divisor of 40 and a.
10
Let p(m) = -23*m - 2. Let v be p(-2). Suppose -h - 2*h - 4*d + 31 = 0, -v = -5*h + d. What is the greatest common factor of 117 and h?
9
Let i be 0/1 - -4 - (-3 - -4). Suppose -i*z - 32 + 41 = 0. Let b be 1/(-3) - (-31)/z. Calculate the highest common factor of b and 4.
2
Suppose 48 = 29*d - 23*d. Suppose -2800 = -d*r - 744. Suppose r + 499 = 9*u. Calculate the greatest common divisor of u and 14.
14
Let r = 1785 + -993. Suppose 92*g - 95*g + r = 0. Calculate the greatest common divisor of g and 24.
24
Let r be (-1376)/112 - (-4)/14. Let b(z) = 3*z + 20. Let i be b(7). Let c = r + i. What is the highest common divisor of c and 145?
29
Suppose 13 = -2*c + 171. Suppose 82*r - c*r = 216. Calculate the greatest common divisor of 48 and r.
24
Let j(q) = q**3 - 8*q**2 + 18*q - 17. Let m be 4 + 12*3*(-2)/(-12). Let p be j(m). What is the highest common factor of 33 and p?
33
Let j be -5*(56/(-5) - 0). Let l be (1 - 0)/(176/(-1232)) + 133. What is the highest common factor of j and l?
14
Let i = 17 - 47. Let z = 9786 + -9867. Let h = i - z. Calculate the highest common divisor of h and 34.
17
Let m(p) = -p**3 - 28*p**2 + 6*p + 179. Let z be m(-28). What is the greatest common divisor of 176 and z?
11
Let v = 429 + -418. Let f(x) = x**2 - 6*x - 51. Let o be f(v). Suppose 3*z - 19 = -4*g, 3*g = -7*z + 3*z + 16. Calculate the highest common factor of o and g.
4
Let l be (1218/(-435) - 1*1/5) + 8693. Calculate the highest common divisor of 55 and l.
55
Let l(t) = 8*t - 101. Let w(y) = -y - 1. Let r(v) = l(v) - 2*w(v). Let f be r(17). Calculate the highest common factor of 71 and f.
71
Suppose -96*f = -92*f + 920 - 2856. Calculate the highest common factor of 836 and f.
44
Suppose 294*b = -8*b + 604. Let u be 44/7 - 2/7. What is the highest common factor of b and u?
2
Let y be 7 - (-276)/(-230)*470/(-4). Calculate the greatest common divisor of 962 and y.
74
Suppose -23274*s + 23278*s = 44. What is the greatest common factor of s and 15103?
11
Let v = 268 + -272. Let h be 5/(-1) - (-75 + 4 + v). What is the greatest common divisor of 28 and h?
14
Suppose 7*l - 2*l - 465 = -5*p, 0 = 4*p. Let s = l - 5. What is the greatest common divisor of 55 and s?
11
Suppose 0 = 8*s + 104 - 5552. Let c = s + -659. Calculate the greatest common divisor of c and 66.
22
Suppose 2*w + 708 = -39*x + 43*x, 2*w + 706 = 2*x. Let s be (-3)/(-2)*w/(-12). What is the highest common factor of 44 and s?
44
Let w(h) = -471*h - 141. Let s be w(-4). Let f be s/63 + 1/3. What is the greatest common factor of f and 14?
14
Suppose 0 = 5*u + 2*r - 2895, -3*u + 572 = -2*u - r. Suppose l - u = -569. Calculate the highest common factor of 3 and l.
1
Let c = 95 - 45. Let y(q) = 174 - 10*q - 438 + 154. Let o be y(-13). What is the greatest common factor of c and o?
10
Let w = -630 + 1436. Let r = w + -572. Calculate the greatest common factor of 26 and r.
26
Let r = 7326 - 7317. Calculate the highest common factor of 4194 and r.
9
Let v(c) = 6*c**3 + 37*c**2 - 2*c - 35. Let h be v(-6). What is the greatest common factor of 57 and h?
1
Suppose 13*q - 8288 = 8274. Suppose 50*v = 43*v + q. What is the greatest common factor of v and 78?
26
Suppose 65*j - 10609 = -5*l + 67*j, 0 = 2*l + 5*j - 4261. Calculate the greatest common factor of 88 and l.
11
Let q be (-12)/(-10) - (-68)/85. Suppose -q*t + 5*y + 34 = 0, -t = -4*y - 0*y - 23. Suppose -6*s - 27 = -t*s. Calculate the greatest common divisor of 6 and s.
3
Suppose 0 = 11*u - 41 + 19. Suppose 2*s - 59 = 3*f, 5*s - u*f - 95 = 25. What is the greatest common divisor of 77 and s?
11
Suppose -7*d + 46 = -59. Suppose -m - d = -4*m, 0 = -5*w - m + 260. Let r = -29 + w. What is the highest common divisor of r and 22?
22
Let f(s) be the first derivative of -3*s**2/2 + 30*s - 211. Let o be 10/(-15) + 26/3. Let l be f(o). Calculate the highest common divisor of 8 and l.
2
Suppose -8189*n - 410 = -8271*n. Suppose 0 = i + 135 - 550. Calculate the highest common divisor of n and i.
5
Let v be 96/80 - 6336/(-120). Suppose -267 = -5*o + 48. What is the greatest common factor of o and v?
9
Let o be (-130)/2*-2 + 11. What is the highest common factor of o and 27213?
141
Let f = 295 + -199. Let s(c) = 319*c - 200. Let r be s(3). Let z = r + -725. What is the highest common divisor of f and z?
32
Suppose 29 = -5*m + 9, -m - 28 = -4*q. Let n(o) = -167*o + 1739. Let p be n(10). Calculate the greatest common factor of q and p.
3
Let d(p) = 5*p**2 + 85*p + 68. Let h be d(-69). What is the highest common divisor of 8 and h?
8
Suppose 97*d = 3926 - 15295 + 140573. Calculate the greatest common factor of 45 and d.
9
Let i be 2614/3 + (-126)/378. What is the greatest common divisor of 117 and i?
13
Let t(l) = 86*l + 2906. Let y be t(-29). What is the highest common factor of 1133 and y?
103
Let m be 2/(-13) - ((-2674)/(-26) - 12). Let q = m + 110. Calculate the highest common divisor of 551 and q.
19
Let y(u) = -10*u**2 + 101*u + 8. Let d be y(10). Calculate the greatest common factor of 981 and d.
9
Let b(z) = 34*z**2 - 190*z + 18. Let d be b(-5). What is the greatest common divisor of 270 and d?
18
Let p(c) = 13*c**2 + 75*c + 46. Let z be p(-14). What is the greatest common factor of z and 8?
8
Let r = 8560 + -8456. Let d = -14 - -18. Suppose -2*t + 44 = d*w, -7*w + 4*t = -2*w - 81. What is the greatest common factor of r and w?
13
Suppose -2*u + 4 = -t, -11 = -5*u - 1. Let v = 1820 - 1817. Suppose 5*g - 169 = -h, t*g + 4*h + 83 = v*g. Calculate the highest common divisor of 165 and g.
33
Suppose -8839 + 2089 = -75*h. What is the greatest common factor of h and 498?
6
Let d(i) = i**3 - i**2 - i + 16. Let n be d(0). Let s = 530 - 170. Suppose -s = -139*z + 124*z. What is the highest common factor of z and n?
8
Suppose t - 545 = -544, k + 4*t - 26 = 0. Calculate the greatest common divisor of 18766 and k.
22
Let l be -12 - (22/(-6) + (-15)/(-9)). Let d(o) = o**3 + 12*o**2 + 18*o + 38. Let z be d(l). Calculate the greatest common divisor of 290 and z.
58
Let g(m) = m**3 + 2*m**2 + 50*m + 2754. Let n be g(0). What is the greatest common divisor of 486 and n?
162
Suppose -1421 = -84*g - 413. Calculate the greatest common factor of 2802 and g.
6
Suppose -5*v + 894 = -126. Let y = 314573 + -314549. What is the highest common divisor of v and y?
12
Suppose 4*p = 3*p - 5*m + 47, -5*p = -2*m - 289. Let a be (4 + (-8 - -2) - 3) + p. Calculate the greatest common factor of 39 and a.
13
Let q be 5/2*16/10. Suppose q*w + 63 = 7*w. Let k = -1078 + 1092. What is the greatest common divisor of w and k?
7
Let l be 2977/143 + (-2)/(-11). Suppose -3*h - 3 + l = 0. Suppose 5*o = -h*o + 66. Calculate the highest common divisor of 15 and o.
3
Let d(j) = j**3 + j**2 - 3*j + 8. Let t be d(5). Suppose 4*f - 358 = 3*p, 190 = 5*f - 3*f + 4*p. Let n = t - f. Calculate the highest common factor of 26 and n.
26
Suppose -292*i + 190*i + 9904 + 10496 = 0. Calculate the highest common divisor of i and 8.
8
Let t be (-14)/4*(-12)/3. Let o = 4563 + -3751. What is the highest common divisor of t and o?
14
Let a(v) = 7*v - 12. Let z be a(2). Suppose 20 = z*u + 3*u. Suppose -u*f - y + 35 = 0, -3*y - 2 = 1. Calculate the greatest common divisor of 81 and f.
9
Let d(n) = 62 + 53*n**2 - 43*n - 37*n**2 - 34*n**2 + n**3. Let a be d(20). Calculate the greatest common factor of 14 and a.
2
Suppose -2391 = -138*q + 14*q + 6413. Calculate the greatest common divisor of q and 1349.
71
Suppose 93 = -28*i + 1017. What is the highest common factor of i and 1947?
33
Suppose -j = -n - 2*j + 14, 3*j = 4*n - 56. Let k = -13 + 18. Suppose 1 = -2*b - a + n, -k*b + 28 = -2*a. Calculate the greatest common divisor of 30 and b.
6
Let r be (-16)/(-10) - 146304/(-635). What is the greatest common factor of r and 551?
29
Let d = -12 - -48. Suppose -1242 = -0*q - 3*q. What is the greatest common factor of d and q?
18
Let b = -7254 + 7740. What is the highest common factor of 171 and b?
9
Let g(a) = 4*a**2 + 74*a + 4. Let p be g(-23). Let i = p - 106. Calculate the highest common factor of 24 and i.
24
Let k(x) = -63*x**2 - 28*x + 31. Let s(z) = 16*z**2 + 7*z - 8. Let a(o) = 2*k(o) + 9*s(o)